{"id":99,"date":"2021-04-14T07:13:55","date_gmt":"2021-04-14T07:13:55","guid":{"rendered":"https:\/\/8cc-naturopathie.com\/?page_id=99"},"modified":"2024-12-03T12:20:54","modified_gmt":"2024-12-03T12:20:54","slug":"contact","status":"publish","type":"page","link":"https:\/\/8cc-holistic-care.com\/fr_fr\/contact","title":{"rendered":"Contact"},"content":{"rendered":"\n<p class=\"has-medium-font-size\">Suivez le lien ci-dessous<\/p>\n\n\n\n<figure class=\"wp-block-image size-full is-resized\"><a href=\"https:\/\/patrick-laubscher.fr\/consultations\" class=\"broken_link\"><img loading=\"lazy\" decoding=\"async\" width=\"512\" height=\"512\" src=\"https:\/\/8cc-holistic-care.com\/wp-content\/uploads\/2024\/12\/cropped-logo-praticien-fd-blanc.png\" alt=\"Logo praticien Patrick Laubscher\" class=\"wp-image-354\" style=\"width:242px;height:auto\" srcset=\"https:\/\/8cc-holistic-care.com\/wp-content\/uploads\/2024\/12\/cropped-logo-praticien-fd-blanc.png 512w, https:\/\/8cc-holistic-care.com\/wp-content\/uploads\/2024\/12\/cropped-logo-praticien-fd-blanc-300x300.png 300w, https:\/\/8cc-holistic-care.com\/wp-content\/uploads\/2024\/12\/cropped-logo-praticien-fd-blanc-150x150.png 150w, https:\/\/8cc-holistic-care.com\/wp-content\/uploads\/2024\/12\/cropped-logo-praticien-fd-blanc-12x12.png 12w, https:\/\/8cc-holistic-care.com\/wp-content\/uploads\/2024\/12\/cropped-logo-praticien-fd-blanc-100x100.png 100w\" sizes=\"auto, (max-width: 512px) 100vw, 512px\" \/><\/a><\/figure>\n\n\n\n<p>Praticien de sant\u00e9 holistique micro-entrepeneur \u2013 SIRET : 78997324500028<\/p>\n\n\n\n<div style=\"height:47px\" aria-hidden=\"true\" class=\"wp-block-spacer\"><\/div>\n\n\n\n<hr class=\"wp-block-separator has-css-opacity\"\/>\n\n\n\n<div style=\"height:47px\" aria-hidden=\"true\" class=\"wp-block-spacer\"><\/div>\n\n\n\n<h2 class=\"wp-block-heading\">A propos<\/h2>\n\n\n\n<p><\/p>\n\n\n\n<figure class=\"wp-block-image size-full is-resized is-style-rounded\"><img loading=\"lazy\" decoding=\"async\" width=\"815\" height=\"898\" src=\"http:\/\/wp-8cc.crusadertech-pl.com\/wp-content\/uploads\/2021\/09\/portrait-mont-dor-1-2.jpg\" alt=\"\" class=\"wp-image-265\" style=\"width:137px;height:151px\" srcset=\"https:\/\/8cc-holistic-care.com\/wp-content\/uploads\/2021\/09\/portrait-mont-dor-1-2.jpg 815w, https:\/\/8cc-holistic-care.com\/wp-content\/uploads\/2021\/09\/portrait-mont-dor-1-2-272x300.jpg 272w, https:\/\/8cc-holistic-care.com\/wp-content\/uploads\/2021\/09\/portrait-mont-dor-1-2-768x846.jpg 768w, https:\/\/8cc-holistic-care.com\/wp-content\/uploads\/2021\/09\/portrait-mont-dor-1-2-11x12.jpg 11w\" sizes=\"auto, (max-width: 815px) 100vw, 815px\" \/><\/figure>\n\n\n\n<p>Psychopraticien, naturopathe, herbaliste, pratiquant de m\u00e9ditation, de Reiki, de chamanisme au tambour et auteur<\/p>\n\n\n\n<blockquote class=\"wp-block-quote is-layout-flow wp-block-quote-is-layout-flow\">\n<p>\u00ab\u00a0J&rsquo;ai consacr\u00e9 ma vie \u00e0 ce travail holistique qui part d&rsquo;une recherche de perception juste avec la philosophie et la spiritualit\u00e9, et qui se poursuit travers les pratiques \u00e9nerg\u00e9tiques, de chamanisme au tambour, d&rsquo;hygi\u00e8ne de vie et de connaissance de l&rsquo;herboristerie traditionnelle. Lorsque j&rsquo;ai d\u00e9couvert l&rsquo;existence de ce mod\u00e8le des 8 circuits de conscience ce fut un v\u00e9ritable \u00e9veil de plus car il s&rsquo;est av\u00e9r\u00e9 \u00eatre le liant qui permet de connecter entre elles toutes ces approches, ainsi que de les voir dans leur sp\u00e9cificit\u00e9 et leur compl\u00e9mentarit\u00e9. <\/p>\n\n\n\n<p>Le travail holistique est d\u00e9sormais au c\u0153ur de mon travail de th\u00e9rapeute, en plus d&rsquo;\u00eatre au centre de ma vie. Je suis convaincu qu&rsquo;il est l&rsquo;avenir du d\u00e9veloppement de notre conscience et la pierre angulaire de notre sant\u00e9 globale. Gr\u00e2ce \u00e0 Timothy Leary ainsi que tous les autres pratiquants et concepteurs du mod\u00e8le nous avons un outil de travail formidable qui nous entraine dans une boucle sans fin : la spirale de la vie.\u00a0\u00bb<\/p>\n<\/blockquote>\n","protected":false},"excerpt":{"rendered":"<p>Suivez le lien ci-dessous Praticien de sant\u00e9 holistique micro-entrepeneur \u2013 SIRET : 78997324500028 A propos Psychopraticien, naturopathe, herbaliste, pratiquant de m\u00e9ditation, de Reiki, de chamanisme au tambour et auteur \u00ab\u00a0J&rsquo;ai&#8230;<\/p>\n","protected":false},"author":1,"featured_media":0,"parent":0,"menu_order":0,"comment_status":"closed","ping_status":"closed","template":"","meta":{"footnotes":""},"class_list":["post-99","page","type-page","status-publish","hentry"],"_links":{"self":[{"href":"https:\/\/8cc-holistic-care.com\/fr_fr\/wp-json\/wp\/v2\/pages\/99","targetHints":{"allow":["GET"]}}],"collection":[{"href":"https:\/\/8cc-holistic-care.com\/fr_fr\/wp-json\/wp\/v2\/pages"}],"about":[{"href":"https:\/\/8cc-holistic-care.com\/fr_fr\/wp-json\/wp\/v2\/types\/page"}],"author":[{"embeddable":true,"href":"https:\/\/8cc-holistic-care.com\/fr_fr\/wp-json\/wp\/v2\/users\/1"}],"replies":[{"embeddable":true,"href":"https:\/\/8cc-holistic-care.com\/fr_fr\/wp-json\/wp\/v2\/comments?post=99"}],"version-history":[{"count":20,"href":"https:\/\/8cc-holistic-care.com\/fr_fr\/wp-json\/wp\/v2\/pages\/99\/revisions"}],"predecessor-version":[{"id":358,"href":"https:\/\/8cc-holistic-care.com\/fr_fr\/wp-json\/wp\/v2\/pages\/99\/revisions\/358"}],"wp:attachment":[{"href":"https:\/\/8cc-holistic-care.com\/fr_fr\/wp-json\/wp\/v2\/media?parent=99"}],"curies":[{"name":"wp","href":"https:\/\/api.w.org\/{rel}","templated":true}]}}

<p class="has-medium-font-size">Suivez le lien ci-dessous</p>



<figure class="wp-block-image size-full is-resized"><a href="https://patrick-laubscher.fr/consultations" class="broken_link"><img loading="lazy" decoding="async" width="512" height="512" src="https://8cc-holistic-care.com/wp-content/uploads/2024/12/cropped-logo-praticien-fd-blanc.png" alt="Logo praticien Patrick Laubscher" class="wp-image-354" style="width:242px;height:auto" srcset="https://8cc-holistic-care.com/wp-content/uploads/2024/12/cropped-logo-praticien-fd-blanc.png 512w, https://8cc-holistic-care.com/wp-content/uploads/2024/12/cropped-logo-praticien-fd-blanc-300x300.png 300w, https://8cc-holistic-care.com/wp-content/uploads/2024/12/cropped-logo-praticien-fd-blanc-150x150.png 150w, https://8cc-holistic-care.com/wp-content/uploads/2024/12/cropped-logo-praticien-fd-blanc-12x12.png 12w, https://8cc-holistic-care.com/wp-content/uploads/2024/12/cropped-logo-praticien-fd-blanc-100x100.png 100w" sizes="auto, (max-width: 512px) 100vw, 512px" /></a></figure>



<p>Praticien de santé holistique micro-entrepeneur – SIRET : 78997324500028</p>



<div style="height:47px" aria-hidden="true" class="wp-block-spacer"></div>



<hr class="wp-block-separator has-css-opacity"/>



<div style="height:47px" aria-hidden="true" class="wp-block-spacer"></div>



<h2 class="wp-block-heading">A propos</h2>



<p></p>



<figure class="wp-block-image size-full is-resized is-style-rounded"><img loading="lazy" decoding="async" width="815" height="898" src="http://wp-8cc.crusadertech-pl.com/wp-content/uploads/2021/09/portrait-mont-dor-1-2.jpg" alt="" class="wp-image-265" style="width:137px;height:151px" srcset="https://8cc-holistic-care.com/wp-content/uploads/2021/09/portrait-mont-dor-1-2.jpg 815w, https://8cc-holistic-care.com/wp-content/uploads/2021/09/portrait-mont-dor-1-2-272x300.jpg 272w, https://8cc-holistic-care.com/wp-content/uploads/2021/09/portrait-mont-dor-1-2-768x846.jpg 768w, https://8cc-holistic-care.com/wp-content/uploads/2021/09/portrait-mont-dor-1-2-11x12.jpg 11w" sizes="auto, (max-width: 815px) 100vw, 815px" /></figure>



<p>Psychopraticien, naturopathe, herbaliste, pratiquant de méditation, de Reiki, de chamanisme au tambour et auteur</p>



<blockquote class="wp-block-quote is-layout-flow wp-block-quote-is-layout-flow">
<p>« J&rsquo;ai consacré ma vie à ce travail holistique qui part d&rsquo;une recherche de perception juste avec la philosophie et la spiritualité, et qui se poursuit travers les pratiques énergétiques, de chamanisme au tambour, d&rsquo;hygiène de vie et de connaissance de l&rsquo;herboristerie traditionnelle. Lorsque j&rsquo;ai découvert l&rsquo;existence de ce modèle des 8 circuits de conscience ce fut un véritable éveil de plus car il s&rsquo;est avéré être le liant qui permet de connecter entre elles toutes ces approches, ainsi que de les voir dans leur spécificité et leur complémentarité. </p>



<p>Le travail holistique est désormais au cœur de mon travail de thérapeute, en plus d&rsquo;être au centre de ma vie. Je suis convaincu qu&rsquo;il est l&rsquo;avenir du développement de notre conscience et la pierre angulaire de notre santé globale. Grâce à Timothy Leary ainsi que tous les autres pratiquants et concepteurs du modèle nous avons un outil de travail formidable qui nous entraine dans une boucle sans fin : la spirale de la vie. »</p>
</blockquote>

<p>Suivez le lien ci-dessous Praticien de santé holistique micro-entrepeneur – SIRET : 78997324500028 A propos Psychopraticien, naturopathe, herbaliste, pratiquant de méditation, de Reiki, de chamanisme au tambour et auteur « J&rsquo;ai&#8230;</p>
